actors of 28257?
3, 9419
List the prime factors of 437962.
2, 7, 41, 109
What are the prime factors of 183709?
183709
What are the prime factors of 21064200?
2, 3, 5, 35107
What are the prime factors of 8793088?
2, 31, 277
What are the prime factors of 6473950?
2, 5, 7, 53, 349
List the prime factors of 1201214.
2, 7, 239, 359
List the prime factors of 1245237.
3, 7, 43, 197
What are the prime factors of 19722290?
2, 5, 7, 281747
What are the prime factors of 2266099?
11, 206009
List the prime factors of 18772740.
2, 3, 5, 7, 47, 317
What are the prime factors of 297435?
3, 5, 79, 251
List the prime factors of 14623861.
7, 2089123
List the prime factors of 7763570.
2, 5, 776357
List the prime factors of 1225249.
439, 2791
What are the prime factors of 10855263?
3, 3618421
What are the prime factors of 2238104?
2, 11, 29, 877
What are the prime factors of 375020?
2, 5, 17, 1103
What are the prime factors of 143769?
3, 17, 2819
List the prime factors of 5405956.
2, 19, 83, 857
List the prime factors of 149926.
2, 7, 10709
List the prime factors of 437979.
3, 67, 2179
What are the prime factors of 1565696?
2, 11, 139
What are the prime factors of 1982933?
29, 101, 677
What are the prime factors of 637772?
2, 17, 83, 113
What are the prime factors of 2617594?
2, 7, 59, 3169
List the prime factors of 112359.
3, 13, 43, 67
What are the prime factors of 266793?
3, 113, 787
What are the prime factors of 78361?
23, 3407
What are the prime factors of 13191630?
2, 3, 5, 67, 6563
What are the prime factors of 162914?
2, 81457
What are the prime factors of 1125279?
3, 71, 587
What are the prime factors of 1373194?
2, 151, 4547
List the prime factors of 2031493.
2031493
List the prime factors of 80069.
11, 29, 251
What are the prime factors of 25733890?
2, 5, 7, 13, 28279
List the prime factors of 2812577.
2812577
What are the prime factors of 254327?
197, 1291
What are the prime factors of 633433?
43, 14731
What are the prime factors of 222067?
222067
List the prime factors of 11738601.
3, 7, 67, 103
What are the prime factors of 44788?
2, 11197
What are the prime factors of 6140145?
3, 5, 11, 17, 199
What are the prime factors of 4211746?
2, 7, 11, 3907
List the prime factors of 7679836.
2, 1919959
What are the prime factors of 6631023?
3, 7, 79, 571
List the prime factors of 2776980.
2, 3, 5, 31, 1493
List the prime factors of 151713.
3, 1873
List the prime factors of 3957221.
67, 59063
List the prime factors of 499785.
3, 5, 11, 13, 233
List the prime factors of 315840.
2, 3, 5, 7, 47
What are the prime factors of 978956?
2, 11, 19, 1171
List the prime factors of 110677.
7, 97, 163
List the prime factors of 3166707.
3, 59, 17891
List the prime factors of 254018.
2, 107, 1187
List the prime factors of 3259427.
17, 109, 1759
What are the prime factors of 237370?
2, 5, 7, 3391
List the prime factors of 7323273.
3, 813697
List the prime factors of 36671.
36671
What are the prime factors of 16587117?
3, 23, 227, 353
What are the prime factors of 243246?
2, 3, 71, 571
List the prime factors of 433406.
2, 216703
List the prime factors of 171723.
3, 57241
List the prime factors of 492932.
2, 11, 17, 659
What are the prime factors of 1362280?
2, 5, 34057
List the prime factors of 2050736.
2, 67, 1913
List the prime factors of 1189355.
5, 127, 1873
List the prime factors of 394274.
2, 197137
List the prime factors of 92159.
157, 587
List the prime factors of 8876877.
3, 43, 68813
List the prime factors of 31556159.
3767, 8377
What are the prime factors of 11936543?
47, 253969
List the prime factors of 6591845.
5, 13, 29, 269
List the prime factors of 1372162.
2, 11, 97, 643
List the prime factors of 946418.
2, 11, 43019
List the prime factors of 2656650.
2, 3, 5, 89, 199
List the prime factors of 303949.
29, 47, 223
What are the prime factors of 8592320?
2, 5, 11, 2441
What are the prime factors of 878165?
5, 175633
What are the prime factors of 39071095?
5, 7, 1116317
What are the prime factors of 2775255?
3, 5, 7, 26431
What are the prime factors of 459462?
2, 3, 73, 1049
List the prime factors of 189320.
2, 5, 4733
What are the prime factors of 148412?
2, 11, 3373
What are the prime factors of 564206?
2, 282103
What are the prime factors of 1505869?
83, 18143
What are the prime factors of 1622458?
2, 659, 1231
List the prime factors of 727628.
2, 11, 23, 719
What are the prime factors of 340135?
5, 59, 1153
List the prime factors of 156118.
2, 78059
List the prime factors of 185307.
3, 19, 3251
What are the prime factors of 1227630?
2, 3, 5, 151, 271
What are the prime factors of 2420544?
2, 3, 7, 1801
What are the prime factors of 322799?
29, 11131
List the prime factors of 4360027.
7, 622861
What are the prime factors of 21464?
2, 2683
List the prime factors of 461440.
2, 5, 7, 103
List the prime factors of 1838827.
23, 31, 2579
List the prime factors of 846672.
2, 3, 31, 569
List the prime factors of 355368.
2, 3, 13, 17, 67
What are the prime factors of 197522?
2, 13, 71, 107
List the prime factors of 2255167.
19, 6247
What are the prime factors of 43337?
7, 41, 151
List the prime factors of 6208936.
2, 776117
What are the prime factors of 92771?
7, 29, 457
What are the prime factors of 4346842?
2, 47, 131, 353
What are the prime factors of 1908816?
2, 3, 7, 13, 19, 23
What are the prime factors of 13124227?
13124227
List the prime factors of 2070580.
2, 5, 103529
List the prime factors of 5795562.
2, 3, 965927
List the prime factors of 437993.
47, 9319
What are the prime factors of 2138121?
3, 353, 673
List the prime factors of 5117374.
2, 17, 41, 3671
List the prime factors of 2029479.
3, 676493
What are the prime factors of 5091500?
2, 5, 17, 599
List the prime factors of 14003159.
23, 103, 257
What are the prime factors of 3385068?
2, 3, 282089
List the prime factors of 2233639.
41, 157, 347
List the prime factors of 4589000.
2, 5, 13, 353
List the prime factors of 833699.
823, 1013
What are the prime factors of 1266238?
2, 61, 97, 107
What are the prime factors of 16322187?
3, 7, 777247
List the prime factors of 843613.
843613
What are the prime factors of 5004899?
43, 239, 487
List the prime factors of 959624.
2, 119953
List the prime factors of 237367.
13, 19, 31
What are the prime factors of 285756?
2, 3, 23813
What are the prime factors of 99797?
23, 4339
List the prime factors of 33756451.
33756451
What are the prime factors of 342709?
389, 881
What are the prime factors of 16641719?
23, 723553
List the prime factors of 1396014.
2, 3, 232669
List the prime factors of 105301.
7, 307
List the prime factors of 9139553.
29, 113, 2789
List the prime factors of 302839.
31, 9769
What are the prime factors of 25505347?
7, 3643621
What are the prime factors of 2331211?
23, 79, 1283
List the prime factors of 5067388.
2, 1266847
List the prime factors of 446113.
79, 5647
List the prime factors of 9769174.
2, 71, 89, 773
What are the prime factors of 2073492?
2, 3, 73, 263
List the prime factors of 3870543.
3, 17, 29, 2617
What are the prime factors of 15025334?
2, 7512667
What are the prime factors of 5017214?
2, 137, 18311
List the prime factors of 6159465.
3, 5, 13, 10529
What are the prime factors of 482297?
307, 1571
What are the prime factors of 11125494?
2, 3, 618083
What are the prime factors of 894518?
2, 447259
What are the prime factors of 5369284?
2, 179, 7499
What are the prime factors of 149715?
3, 5, 1109
What are the prime factors of 971026?
2, 7, 43, 1613
List the prime factors of 531496.
2, 7, 9491
List the prime factors of 121545.
3, 5, 37, 73
List the prime factors of 364171.
364171
List the prime factors of 8854940.
2, 5, 442747
List the prime factors of 1201298.
2, 7, 53, 1619
What are the prime factors of 2547822?
2, 3, 41, 10357
What are the prime factors of 266547?
3, 23, 3863
List the prime factors of 15842291.
2161, 7331
List the prime factors of 84219.
3, 67, 419
What are the prime factors of 256835?
5, 31, 1657
List the prime factors of 4058828.
2, 337, 3011
List the prime factors of 21014182.
2, 7, 53, 127, 223
List the prime factors of 1808443.
7, 13, 17, 167
List the prime factors of 843006.
2, 3, 109, 1289
List the prime factors of 5076600.
2, 3, 5, 8461
List the prime factors of 1403772.
2, 3, 116981
What are the prime 